(-896)/(-192). Let i = w - -25. Calculate the remainder when 28 is divided by i.
2
Let w(d) = -28*d**3 + d**2 - 1. Calculate the remainder when ((-85)/(-15) - 5)/((-5)/(-825)) is divided by w(-1).
26
What is the remainder when (5/25*579 + 1 + 6)*10 is divided by 96?
76
What is the remainder when 39 is divided by (-32)/(-112) - 131/(-7)*1?
1
Suppose 20*f - 46*f = -9*f - 5389. What is the remainder when f is divided by 100?
17
Suppose 1908*h - 216 = 1888*h - 36. What is the remainder when (5/(-2) + 0)*-16 is divided by h?
4
Let i(u) = -30*u**3 + 2*u**2 - u. Let q be i(1). Let g = 9 - q. What is the remainder when g is divided by (86/(-387))/((-2)/117)?
12
Calculate the remainder when 3519 is divided by 34515/156 - (10/8 - 0).
219
Let a(o) = -54*o + 481. What is the remainder when a(-1) is divided by 13?
2
Let z(r) = -r**3 - 9*r**2 + 7*r + 10. Let q be (5 + (-4 - -2))*155. Suppose 15*o - 46*o + q = 0. What is the remainder when z(-10) is divided by o?
10
Let u(q) = 28*q - 48. Calculate the remainder when 1075 is divided by u(3).
31
Suppose -123*y + 141626 = 294*y - 132343. What is the remainder when y is divided by 361?
296
Let b = 381 + -177. Let k = 21 + b. Calculate the remainder when k is divided by 38.
35
Suppose 7*z - 5*z = 0. Suppose 9*l - 2*l - 735 = z. What is the remainder when l is divided by ((-1)/(-3))/(-9 + (-3896)/(-432))?
15
Suppose 3*z - 51 = 3*p, -57 + 27 = 5*p. Let v be 1*2 - 0/2. Let h = v - -17. Calculate the remainder when h is divided by z.
8
Let g(a) = -340*a + 1421. What is the remainder when g(4) is divided by 17?
10
Let w = -15 + 28. Suppose -5*x + 548 = -75*s + 69*s, -s = 4*x - 450. What is the remainder when x is divided by w?
8
Suppose -3*n = -2*u - 5, -5*n + 2*u = -u - 8. Let k(p) = 4*p + 7*p - 18*p + 20*p**2 + 9*p - 1. What is the remainder when k(n) is divided by 8?
5
Calculate the remainder when 15349 is divided by -120 + 227 + (-6 - 0).
98
Suppose -3*u + 155 = -79. Let r(h) = h**3 - 13*h**2 - 18*h + 16. Let f be r(14). Let n = f + u. What is the remainder when n is divided by 13?
12
Let u(l) = 2*l**3 + 13*l**2 - 21*l + 48. What is the remainder when 447 is divided by u(-8)?
15
Let d(n) be the first derivative of n**4/4 + 2*n**3 - 5*n**2 - 2*n - 221. What is the remainder when 236 is divided by d(3)?
40
Let s = -4114 + 4319. Calculate the remainder when s is divided by 52.
49
Let m be (-3)/(-5) - (-1 + 89836/10). Calculate the remainder when (-48)/408 + m/(-51) is divided by 30.
26
Suppose -733*r = -737*r + 380. What is the remainder when 849 is divided by r?
89
Let u(k) = 2*k**2 + 34*k - 267. Calculate the remainder when 229 is divided by u(-26).
28
What is the remainder when 363 is divided by (-307)/(165780/(-27864)) + (-2)/(-10)*-3?
6
What is the remainder when 3320/15*(-72)/(-156)*13 is divided by 193?
170
Suppose -14 + 18 = 2*p. Suppose p*m - 337 = 25. Calculate the remainder when m is divided by 46.
43
Let u(q) = 66 + 4*q - 63 + 2*q + 7*q**2 + q**3. Suppose -6 = 4*w + 14. What is the remainder when 41 is divided by u(w)?
18
Suppose -97*m - 30 = -107*m. Suppose 5*t = -4*i + 93, 3*t - 71 - 1 = m*i. Calculate the remainder when 79 is divided by t.
16
Suppose -2*o = -q - 127, -14*o + 19*o + q - 300 = 0. Calculate the remainder when 441 is divided by o.
14
Suppose 2*q = -5*p - 14, -4*q + 19 = q - p. Calculate the remainder when (400/30)/10*363/44 is divided by q.
2
Let u be (2 + -2)*2*(-3)/(-6). Suppose 0 = 2*l - 2, -5*o - l + 3*l + 828 = u. Calculate the remainder when o is divided by (-8 - -6)*(12/1)/(-2).
10
Let r be 3*((-112)/12)/(-7). Suppose -10 = -2*a - r*k, 3*a + a - 2 = k. Calculate the remainder when 31*(5 - a)/(12/6) is divided by 8.
6
Let q = -33 - -28. Let j = -22 - -34. What is the remainder when j is divided by ((-8)/q)/((-2)/(-10))?
4
Let h be 196/(-686) + (-558)/7. Let n(z) = 2*z**3 - 3*z**2 + 3*z + 5. Let m be n(4). Let s = m + h. What is the remainder when s is divided by 8?
1
Let f(t) = -4*t + 17. What is the remainder when 200 is divided by f(-7)?
20
Let j(t) = -245*t + 60. What is the remainder when j(-1) is divided by 404/8 + 0 + (-2)/(-4)?
50
Let d = -2831 + 2903. Calculate the remainder when 499 is divided by d.
67
Let m(i) = -34*i**3 - 4*i**2 - i - 1. Let r be m(-1). Suppose -4*j = -r + 26, -2*c + 5*j + 107 = 0. What is the remainder when 127 is divided by c?
15
Let t = 6865 + -6834. What is the remainder when 198 is divided by t?
12
Suppose 96*f - 22736 = -16*f. What is the remainder when f is divided by 190?
13
Suppose 0 = -2*o + 37 + 17. Suppose 620 = 4*l + d, -d = 6*l - 3*l - 465. Calculate the remainder when l is divided by o.
20
Suppose 0 = 6*n - 9 - 3. Let d(c) = 4 + 4*c**2 - 5*c**2 + 5*c + 2*c**n. Calculate the remainder when 27 is divided by d(-6).
7
Suppose 153 = 4*b - 3*s, -31*b + 30*b + 4*s = -35. Suppose 16*l + 793 = 2937. What is the remainder when l is divided by b?
17
Suppose 2*f = p - 2*p - 561, 5*p - 2*f + 2781 = 0. Let a = -512 - p. Calculate the remainder when a is divided by (52/(-6))/(6/(-9)).
6
Suppose 0 = 39*u - 23*u - 96. Suppose -525 + 417 = -u*r. What is the remainder when 68 is divided by r?
14
Let b(y) = -92*y**2 - 1591*y + 8. Calculate the remainder when b(-17) is divided by 112.
19
Let x = 18 - 5. Suppose 0 = 4*y - 4*p - 140, 0 = -4*y - p + 98 + 47. What is the remainder when y is divided by x?
10
Let t(v) = -2*v**3 - 3*v**2 + 3*v + 16. Calculate the remainder when t(-7) is divided by 8.
6
Let s = -5255 + 7043. What is the remainder when s is divided by 60?
48
Calculate the remainder when 2519 is divided by (-13797)/(-231) - (-2 + 38/22).
59
Let f = -27 - -35. Let t(i) = -2*i - 11 - 24*i**3 + 18*i**2 - 20*i + 25*i**3. Calculate the remainder when t(-19) is divided by f.
6
Suppose 55*c + 44*c - 26829 = 0. What is the remainder when 555 is divided by c?
13
Let k(t) = 3*t + 48. Let s be k(-15). Suppose 4 = s*l + 1. Calculate the remainder when 29 is divided by l/(-2)*-42 - (4 - 0).
12
Let t(g) = -g - 1. Let f(i) = -i + 7. Let k(y) = f(y) + 2*t(y). Let m = 9344 - 9227. Calculate the remainder when m is divided by k(-5).
17
Let s(w) = -10*w**2 - 54*w - 57. Calculate the remainder when 627 is divided by s(-3).
12
Let m be 52272/(-231) - (-3)/21*2. Let n = m - -432. Let v(y) = -9*y - 1. What is the remainder when n is divided by v(-3)?
24
Let y = -19 + 37. Suppose 2*l = 2*l + 5*l. Suppose 3*c - 53 = -n - l*n, 0 = -3*n - c + 199. What is the remainder when n is divided by y?
14
Suppose 134*o - 2856 = -342*o. What is the remainder when 929 is divided by o?
5
Let r(l) = 2*l**2 - 28*l - 6. Let d be r(12). Let u = d - -135. What is the remainder when u is divided by 21?
18
Let w = -36 - -39. Suppose 2*c - 71 = 3*x, -w*x + 101 = 5*c - 24. What is the remainder when 109 is divided by c?
25
Calculate the remainder when 1024 is divided by (2 + 10)*(-15 - 1515/(-60)) + 7.
114
Let a be ((-5 - (-153)/18) + -1)*(-392)/10. Let m = 134 - -24. Let g = m + a. What is the remainder when g is divided by 13?
8
Let r = -9849 + 9969. Calculate the remainder when 393 is divided by r.
33
Suppose 0 = 160*l + 42*l + 247*l - 10538928. What is the remainder when l is divided by 121?
119
Suppose 3*w = -7*h + 2*h + 38, 90 = 5*w + 3*h. Suppose -73*i + 3952 = -21*i. Calculate the remainder when i is divided by w.
13
Suppose -6*q = -5*q - 2. Let h be (21 + q)/(3 + -2) + -4. Suppose 99 = -h*b + 22*b. Calculate the remainder when 195 is divided by b.
30
Suppose 0 = -3*a + 6, -4*a = -s - 0*a + 41. Let f = -16 + s. Let r = f + -27. What is the remainder when 9 is divided by r?
3
Let r = -1274 - -1310. Calculate the remainder when 235 is divided by r.
19
Let s be 1/(-2)*414/23. Let y be 78/s*-3 - 4. Let u(c) = 5*c - 12. Calculate the remainder when u(y) is divided by 50.
48
Calculate the remainder when 399 is divided by 132/(-616) + 1714/28.
33
Suppose 2*d - 5058 = 4*j + 2742, 0 = 5*d + j - 19533. What is the remainder when d is divided by 75?
6
What is the remainder when 139802/114 - 8/(-3) is divided by 7?
4
Suppose -9*v + 11*v - 16 = 2*m, -5*v = m - 40. What is the remainder when (-1)/v + (-60615)/(-120) is divided by 23?
22
Let i(a) = a**3 + 24*a**2 + 23*a - 5. Let n be i(-23). What is the remainder when 1*3 + -5 + (7 - n) is divided by 4?
2
Suppose -4*y - 28 = 3*o, 4*y + 2*o - 4 = 7*o. Let 